 + -53183. Suppose -l - 4*l = -15. Suppose -l*r = -2*r - 220. What is the highest common divisor of r and g?
20
Let d be 20/(-6)*(-270)/(-36). Let o be ((-326)/(-5) - -2) + d/125. What is the highest common divisor of 1139 and o?
67
Let g(s) = 9*s**3 - 31*s**2 - s + 9. Let k be g(4). Calculate the highest common factor of k and 374.
17
Let h = -7606 - -7680. What is the greatest common factor of 1739 and h?
37
Let a = -16 + 24. Suppose a*l = 4*l + 168. Suppose -m + l + 42 = 0. What is the greatest common divisor of m and 126?
42
Suppose 0 = 2*r + 2*j - 20, -3*r + 653*j - 648*j + 70 = 0. Calculate the highest common divisor of r and 12615.
15
Suppose 12*r + 60160 = 16*r. Suppose -56*v = -9*v - r. What is the highest common divisor of 2 and v?
2
Let g = -2502 - -4923. Suppose 20*r - 99 = g. Calculate the greatest common divisor of 28 and r.
14
Let a(b) = 10*b**2 - 17*b - 41. Let l be a(-3). What is the greatest common divisor of 80 and l?
20
Suppose 45*z = 162*z - 84838 - 56966. Let j be 2/(-6) + (-111)/(-9). What is the greatest common factor of z and j?
12
Let b(d) = 50*d**2 + 37*d - 112. Let q be b(7). Calculate the highest common factor of q and 7.
7
Let x(j) = j**3 + 46*j**2 - 506*j - 157. Let s be x(-55). What is the greatest common divisor of s and 224?
224
Let v = -13 + 25. Let l be ((-135)/(-6))/(v/128). Suppose -3*g - l = -8*g. What is the highest common divisor of 16 and g?
16
Suppose 0 = -0*n + 3*n. Suppose 0 = -q + 2, n*m + 2*m + q - 6 = 0. Let t = -28535 - -28541. What is the greatest common divisor of t and m?
2
Let q be (-6)/(-45)*-5*9/(-2). Suppose -351*h = -350*h - 249. Calculate the highest common divisor of h and q.
3
Let o = -60 - -145. Let j be o/5 + (0 - 3). Let a = -2 - -37. Calculate the highest common divisor of j and a.
7
Let o(c) = 101*c - 490. Let q be o(12). Calculate the highest common factor of 646 and q.
38
Let s(x) = 21*x + 27. Let d(q) = -105*q - 137. Let r(w) = 2*d(w) + 11*s(w). Let a be r(1). What is the highest common factor of 11 and a?
11
Let r(b) = -3*b**2 + 30*b + 2*b**2 + 22*b - 38*b - 13. Let k be r(6). What is the greatest common divisor of 5 and k?
5
Suppose 61 = -34*b + 35*b. Let p = 197 - 75. What is the highest common factor of b and p?
61
Suppose -2 = -5*o + 3*o. Let u = 4 - 2. Suppose -5*z = 4*x - 35, -4*z + x + o = -u*z. What is the greatest common factor of z and 21?
3
Let y(a) = a - 90. Let x be y(0). Let t = -63 - x. Suppose u + 18 = 5*w + 2*u, t = 5*w + 4*u. Calculate the highest common divisor of 33 and w.
3
Let m be (0 - -3703) + 15/30*-4. Suppose 5*b - 3710 = -5*l, -12*b = -7*b - 4*l - m. Calculate the greatest common divisor of b and 39.
39
Let u be (-12 + 8)*1/(-1). Let a(c) = c**3 - 5*c**2 + 6*c - 1. Let v be a(u). Suppose v*y = 2*y + 50. Calculate the greatest common factor of y and 10.
10
Let j(y) = 35*y - 5. Let d be j(1). What is the greatest common factor of d and 750?
30
Let k = 105 - 81. Let h = 3 + -8. Let v be (-1 - 19)*(-6 - (h + 2)). Calculate the highest common divisor of v and k.
12
Suppose 159*h + 48*h - 40332 - 633660 = 0. Calculate the greatest common factor of 56 and h.
8
Let y = -242 + 342. Let r(i) = 39*i + 1. Let b be r(1). Suppose 0*p = -2*p + b. What is the highest common divisor of p and y?
20
Let j be (6/(-4) - 0)/(3/(-6)). Let g be (-297)/(-6)*(j - 1). What is the highest common factor of 33 and g?
33
Let z be (-2 - -6)/(8/400). Suppose o = -2*h + 44, -o - h = 3*o - 162. Calculate the highest common divisor of o and z.
40
Let o be (129/(-15))/(170/(-850)). Suppose -4*g = g - 645. Calculate the greatest common factor of o and g.
43
Let l = 4465 + -3705. What is the highest common factor of l and 95?
95
Suppose o = 3*p + 450, 6*p + 458 = o + 5*p. Suppose -o = 1474*b - 1477*b. Calculate the greatest common factor of 56 and b.
14
Suppose -78 = -9*s + 8*s. Suppose -793*t + 342 = -774*t. Calculate the greatest common factor of s and t.
6
Suppose -15*o + 16 = -29. Suppose -5*u = 4*r - 231 + 26, -3*r + 150 = o*u. What is the highest common factor of r and 165?
15
Suppose 2*z = -3*r + 11, 3*r + 2*z - 3 = 8*r. Let i(j) = j**3 - 65*j**2 + 873*j + 24. Let v be i(19). Calculate the highest common factor of r and v.
1
Suppose -164*u + 69223 = -18951 - 1042. Calculate the greatest common factor of 1312 and u.
32
Let h be (-8)/(-100) + (3 - 4/100*-17048). Calculate the highest common factor of 1644 and h.
137
Let b = 50 + -26. Let d = 51 - b. Suppose 4*l + 4*i - 108 = 0, -3*l + 4*i + 54 + d = 0. What is the greatest common factor of 36 and l?
9
Let x = 30 + -21. Suppose 6*n = x*n + 120. Let b = 57 + n. Calculate the highest common factor of b and 85.
17
Let y be (-2 + 2 + (-21)/7)/(-1). Suppose 2*h - 23 = -5*p, p + 16 - 3 = 4*h. What is the greatest common factor of p and y?
3
Let t(b) be the third derivative of 7*b**4/24 + 85*b**3/6 - 12*b**2 + b. Let a be t(-10). Calculate the greatest common divisor of 15 and a.
15
Let a(k) = 15*k**2 + 13*k - 52. Let o be a(4). Suppose 5*c + 15*c - o = 0. Calculate the greatest common divisor of 36 and c.
12
Let b(x) = -x + 8. Suppose -l = 0, -5*l - 7 = 3*z - 4*z. Let j be b(z). Let g be (1*184)/j - 4. Calculate the highest common divisor of g and 36.
36
Let z(c) = 3*c + 84. Let y be z(7). Suppose -4*w = 0, -4*w - 99 = -5*v + 111. Calculate the highest common divisor of y and v.
21
Suppose 839 = 5*d + 694. Let b be (-4)/14 + (-640)/(-35). Let t = b + 40. What is the greatest common factor of t and d?
29
Let w = -2013 - -2018. Suppose 2*a - 4 = -0*a. Suppose -2*x = a*x - 180. Calculate the greatest common factor of w and x.
5
Let i = 4869 - 4825. What is the highest common divisor of 1210 and i?
22
Let i be 5540/80 - (-15)/(-12). Calculate the greatest common divisor of i and 1972.
68
Let x = 2 + 0. Suppose -3*m - 22 = -5*m + 2*q, -2*m - q = -37. Let k be m/6 + (-2 - 48/(-36)). Calculate the highest common factor of k and x.
2
Suppose 31*t - 37*t = -1368. Let k = t - 120. Let r(f) = f**3 + 9*f**2 - 2*f + 9. Let p be r(-9). Calculate the greatest common divisor of p and k.
27
Let z(u) = -433*u + 695. Let j(h) = 145*h - 232. Let c(l) = -17*j(l) - 6*z(l). Let r be c(6). What is the greatest common factor of r and 52?
52
Let m(t) = -t**2 - 4 + 0 + 2*t + 8*t. Let i be m(8). Let o be 8/36 + 1078/9. Calculate the greatest common factor of i and o.
12
Suppose 63*i - 59*i - 80 = -5*p, -24 = 3*p. Let s(w) = -w**3 - w**2 - 6*w - 2. Let g be s(-4). Calculate the greatest common factor of i and g.
10
Suppose -i - 34 = -4*o + o, 40 = 3*o + 2*i. Suppose o*a + 145 = 17*a. Suppose -a + 14 = -h. Calculate the highest common divisor of h and 3.
3
Let z be (-984)/(-10) - 44/110. Suppose -3*l - 2*j = -136, -l + 5 = 5*j - 62. What is the greatest common divisor of l and z?
14
Let r be 28/210 - 58/(-15) - -17. Calculate the highest common divisor of r and 108.
3
Suppose -6*k - 870 = -x, -4*k + 1122 = 2*x - 650. What is the greatest common factor of 1022 and x?
14
Let t = 470 - 515. Let b = t + 75. Calculate the greatest common factor of b and 110.
10
Let s be (-4)/(24/(-18354)) - (12 - 0). Calculate the highest common factor of 66 and s.
11
Suppose -89038 = -4*b - q, 54534 = 2*b + 5*q + 10042. Calculate the highest common factor of 394 and b.
197
Suppose 0 = q + w - 452, -q + 4*w - 298 = -730. Calculate the greatest common factor of 752 and q.
16
Suppose -5*c + 476 = 2*l, -164*l + 329 = 3*c - 169*l. Let t be (-14)/(-8) + 1/4. What is the greatest common divisor of t and c?
2
Let r = -29054 - -29138. Calculate the highest common factor of r and 3318.
42
Let l(o) = -2*o**3 - 3*o**2 + 173*o + 655. Let h be l(-4). What is the highest common factor of 14921 and h?
43
Let r(y) be the first derivative of 25*y**2/2 + 32*y - 19. Let d be r(2). Calculate the highest common divisor of 287 and d.
41
Let d = -23486 - -23622. Calculate the greatest common factor of 232 and d.
8
Suppose 0*x + 36 = x. Suppose 5*d + 107 = -5*u - 38, -3*d - 2*u - 88 = 0. Let z be d/4*(-3 + (-42)/(-30)). What is the greatest common divisor of z and x?
12
Let f(d) = -5*d - 11*d - 87*d**2 + 36 + 91*d**2. Let k be f(3). What is the greatest common factor of k and 16?
8
Suppose 0 = 3*q + 4*h - 893, -3*h - 29 + 26 = 0. Calculate the greatest common divisor of q and 115.
23
Let j = 5306 - 961. What 